y 23?
9
Let d = -2659 + 2691. What is the remainder when 1565 is divided by d?
29
Suppose -5*i = -m - 8, -4*m - 6 = -5*i - 4. Let z be i - 8/(-4 + 2). Calculate the remainder when 31 is divided by 21 - (z - (0 - -3)).
13
Suppose 0 = 3*a - 2*h - 12 - 9, 4*a - 3*h = 27. Let q be 4 - 0 - (0 + 2*-205). Suppose 7*c - q + 169 = 0. What is the remainder when c is divided by a?
8
Suppose -122*y - 204*y + 9144 = -72*y. What is the remainder when 237 is divided by y?
21
Let h(b) = 2020*b + 12147. Calculate the remainder when 851 is divided by h(-6).
14
Let v(m) = -m**3 + 7*m**2 - 20*m + 4. Let t be v(10). Let n = t - -793. Calculate the remainder when n is divided by 97.
6
Calculate the remainder when 207 is divided by 13 - (1 - 590/10).
65
Suppose 16*c - 11*c + 480 = 2*g, 3*c = -2*g - 272. Let i = c + 124. Calculate the remainder when i is divided by 3.
0
Suppose 0 = -2*w + 53 - 7. Suppose -3*b + 23*x + 31 = 25*x, 4*b - 2*x = 18. Suppose 157 = -b*s + 458. Calculate the remainder when s is divided by w.
20
Let p = 17 - 8. Suppose -335*l - 48*l + 9826 = -94*l. Calculate the remainder when l is divided by p.
7
Let o = 11 + -9. Suppose 0 = -3*g - o*g. Suppose g = 5*q - 5*h - 490, q - 5*h - 91 = -13. Calculate the remainder when q is divided by 26.
25
Suppose -3*z + x + 440 = 0, z = -3*x - 8 + 138. What is the remainder when z is divided by 42?
19
Let u(i) = 4*i**2 + 78*i + 13. Let o(r) = 3*r - 1. What is the remainder when u(-21) is divided by o(5)?
13
Calculate the remainder when 6 + -17 + 13 - (1 + -504) is divided by 27.
19
Let m be (-64)/(2 + -3) + -52 + 54. Suppose 0 = 2*t - 24*t + m. What is the remainder when 30 is divided by t?
0
Let v = 1985 + -1874. What is the remainder when 440 is divided by v?
107
Let p = -1248 - -2476. Let f = p - 1198. Suppose -2*i - 4*r + 1 = -7*r, 0 = 4*i - 2*r - 22. Calculate the remainder when f is divided by i.
6
Let j(t) = -t**2 - 18*t - 58. Calculate the remainder when 2074 is divided by j(-6).
2
Let x be ((-6)/(-9))/(6/9). Suppose -q = -2*r - 6 - x, 76 = 3*q + 5*r. Calculate the remainder when (-1299)/(-12990) + (-878)/(-20) is divided by q.
10
Suppose -167*o + 166*o = -941. Suppose 2*n + 2*s - 1212 = 0, 2*n - o - 295 = 4*s. What is the remainder when n is divided by 13?
12
Let m(y) = -220*y - 1602. Calculate the remainder when 518 is divided by m(-8).
44
Suppose 598*t - 601*t + 189 = 0. What is the remainder when 303 is divided by t?
51
Suppose 0*u + 2*i = -u, -2*u = -5*i - 27. Suppose -2*b + 102 = 3*d + u, b = 3*d + 66. Calculate the remainder when b is divided by 7.
5
Suppose -3*z + 4*w - 14 = 0, -4*z + 5*z = -2*w + 12. Suppose -63 = -x - 0*x + 4*b, 0 = z*b + 6. Calculate the remainder when (-5)/(-15)*x*1 is divided by 5.
2
Let f = -2469 - -3269. What is the remainder when f is divided by 23?
18
What is the remainder when 33 is divided by (-133)/(-27) - ((-2996)/(-378) - 8)?
3
Let g(n) be the third derivative of n**5/12 + n**4/6 - n**3/2 + 13*n**2. Calculate the remainder when g(3) is divided by (-160)/(-12) - (-4)/6.
12
Let j be (-4)/5 + (-3)/15. Let d be (-4 - j)/(-6) + 5/(-10). What is the remainder when 25 is divided by (-15 - d)/(12/(-8))?
5
Let m = 727 + -479. Suppose 4*q = 2*j - m, 9*j + q + 517 = 13*j. What is the remainder when j is divided by 44?
42
Suppose -4*y = -14*y + 380. Calculate the remainder when y is divided by 27.
11
Let p = 3842 - 3229. What is the remainder when p is divided by 62?
55
Let k(s) = 46*s**3 - 4*s**2 - 42*s + 176. What is the remainder when k(4) is divided by 49?
46
Let n(c) = 2*c**2 + 18*c + 16. Let t be n(-8). Let u be 1/2 - (-2)/4 - t. Calculate the remainder when (11/(-33))/(u/(-18)) - 0 is divided by 6.
0
Let s(p) = -19*p**3 - p**2 - 3*p - 2. Let c(n) = n + 21. Let i be c(-6). Suppose 3*o = 3*a + i, 13 = 3*o + 1. What is the remainder when 59 is divided by s(a)?
2
Let n = 14580 - 13322. What is the remainder when 3794 is divided by n?
20
Suppose 66*a - 809 = 6 + 637. Calculate the remainder when 2462 is divided by a.
20
Let b = -46 - -40. Let j be 3 - (-2)/(b/45). What is the remainder when 23 is divided by j/66 + (-90)/(-11)?
7
Let q(v) = v**3 + 5*v**2 - 3*v + 14. Let t be q(-6). Let l be (t/6 + 0)/(10/90). What is the remainder when 44 is divided by (45/l + 0)/(1/(-2))?
14
Suppose 5*q = -6*q + 1551. Suppose 96 - q = -3*t. Suppose 14*p + 38 = t*p. Calculate the remainder when p is divided by 11.
5
Let m(k) = 10469*k - 10467*k - k**2 + 6 - k**2 + 9*k**3. Calculate the remainder when m(3) is divided by 27.
21
Suppose -4*q + 12 = -0*q + 4*r, -3*q + 5*r + 1 = 0. Suppose -78 = -s - 3*n, 4*n = q*s + n - 183. Calculate the remainder when s is divided by 8.
7
Suppose 0 = -420*m + 211*m + 19646. What is the remainder when 136 is divided by m?
42
Let n(o) = o + 2. Let d(w) = 5*w + 93. Let q(p) = d(p) - 3*n(p). Calculate the remainder when q(-19) is divided by 28.
21
Let j = 49 + -58. Let z(v) = v + 24. Suppose 4*k = 3*y - 180, 0*y + 3*k - 103 = -2*y. What is the remainder when y is divided by z(j)?
11
Let k(s) = -s**3 - 21*s**2 + 3*s - 13. Let y be k(-22). Suppose -4*h + 187 + y = 0. What is the remainder when h is divided by 39?
31
Let o = -58 + 60. Suppose 0 = o*t - 21 + 1. Suppose 9*k + 186 = 3*d + 4*k, 102 = 2*d + 4*k. Calculate the remainder when d is divided by t.
7
Suppose -764*w + 748*w - 16 = 0. Let j = 31 + -21. What is the remainder when ((-110)/10 + -6)*w is divided by j?
7
Let l(f) = 260*f + 663. Calculate the remainder when l(-2) is divided by 3/12 - (-71)/4.
17
Calculate the remainder when 19 is divided by (-24)/9 + (-1540)/(-132).
1
Calculate the remainder when 2 + 1 + -7 - (-43510)/95 is divided by 124.
82
Let x(u) = 496*u**2 - 5*u + 6. What is the remainder when x(1) is divided by 122?
9
Suppose 0 = -5*d - 3*f + 8, 0 = 4*d - f - 4 - 16. Suppose 9 - 141 = -d*t. Calculate the remainder when t is divided by 9.
6
Let i = -8 + 18. Suppose 47*x = 50*x - 54. Calculate the remainder when 58/(-5)*(-45)/x is divided by i.
9
What is the remainder when (22 - 30)/72 - ((-32707)/9 + 2) is divided by 18?
14
Suppose -2*v = 9 - 45. Let f = v - 5. What is the remainder when 100 is divided by f?
9
Let l = 574 - 569. Let h(a) be the first derivative of a**2/2 + 2*a + 1. Calculate the remainder when h(12) is divided by l.
4
Suppose 4*v = 6*v - x - 1619, v - 3*x = 807. Suppose -5*m + 175 = h - v, -2*h = -4*m + 802. What is the remainder when m is divided by 69?
60
Let z(b) = 8*b**2 - 22*b**3 + 33*b**3 - 10*b**3 + 25 + 8*b. Calculate the remainder when 138 is divided by z(-7).
12
Suppose -r + i - 3*i + 7 = 0, 2*r + 1 = i. Let z = 6 - r. Suppose -75 = -3*t + 9. What is the remainder when t is divided by z?
3
Suppose 3*n - 2*x - 29689 + 6763 = 0, 3*n - x = 22932. What is the remainder when n is divided by 10?
6
Suppose p + 750 = 3*p. Suppose -440*x - n = -441*x + 56, -x = 5*n - 98. What is the remainder when p is divided by x?
60
Suppose 2*w - 4*d = 182, -46*w + 50*w - 344 = -2*d. Let j(o) = 2*o**2 + o + 8. Calculate the remainder when w is divided by j(-3).
18
Let b = -32383 - -32408. Calculate the remainder when 2184 is divided by b.
9
Suppose -2*h - 49 + 135 = 2*j, 4*h + 16 = 0. Let d be 42/(-49)*(-14)/3. Let o(z) = 14*z - 40. Calculate the remainder when j is divided by o(d).
15
Let l = 552 - 531. What is the remainder when 137 is divided by l?
11
Let l be -239*((-12)/3 + 5). Let b = l - -265. Calculate the remainder when 44 is divided by b.
18
Calculate the remainder when (1150/(-69))/((-4)/12) is divided by 1/2 - (-153)/6.
24
Let d = -2893 + 4193. What is the remainder when d is divided by 255?
25
Let f(m) = -m**3 + 2*m + 266. Let k be f(0). Let h = -754 + k. What is the remainder when (h/12)/(6/(-9)) is divided by 9?
7
What is the remainder when (-795)/45*(7 - 13)*23 is divided by 9?
8
Suppose 106*r = 67*r + 79*r - 2520. Let t be ((-1 + 1)*1)/(-2). Suppose -4*i + 3*x + 5 = t, 10 = -2*i - 0*i + 4*x. What is the remainder when r is divided by i?
3
Suppose -4*w + 258*r + 8191 = 259*r, 6*r = -3*w + 6159. Calculate the remainder when w is divided by 94.
73
Suppose 4*f - 117 = -37. Suppose 3*c - 31 = -2*b + 2*c, -4*c = -b + 29. Suppose -f*m + b*m + 102 = 0. Calculate the remainder when m is divided by 5.
4
Suppose 5*m - 11 = -4*z, -4*z - 3 - 16 = -5*m. What is the remainder when 66 is